hat is 50430 + -4?
50423
In base 10, what is -19265 + 1?
-19264
In base 5, what is -10 + 24224302?
24224242
In base 2, what is 11 + -100111010000110?
-100111010000011
In base 10, what is -9 + 16705?
16696
In base 10, what is 1339 - 1968?
-629
In base 12, what is -5b3b0 + -3?
-5b3b3
In base 15, what is 6144c - 1?
6144b
In base 14, what is -24758b + -2?
-24758d
In base 15, what is 22 - -11b6?
11d8
In base 9, what is -166 + -7337?
-7514
In base 9, what is -281 + 43?
-237
In base 9, what is -6364 - -53?
-6311
In base 6, what is 5 - -105405?
105414
In base 9, what is -371 + -12443?
-12824
In base 5, what is 4 - 3414102?
-3414043
In base 11, what is -10376 + 17?
-1035a
In base 11, what is -3 + 1a9240?
1a9238
In base 10, what is -10 + -27703?
-27713
In base 10, what is -2 - 12514?
-12516
In base 4, what is -112 + -32332?
-33110
In base 5, what is -134021141 - 1?
-134021142
In base 2, what is 10 - 10111000110010000111?
-10111000110010000101
In base 4, what is 2331013 + -12201?
2312212
In base 15, what is 22b1 + -4?
22ac
In base 7, what is 5 - 5040036?
-5040031
In base 4, what is -3113 - -133130?
130011
In base 16, what is 33b - 1ac?
18f
In base 2, what is 10011010011 + -1100110?
10001101101
In base 14, what is -5 + -9093d?
-90944
In base 9, what is -3 + -2778313?
-2778316
In base 3, what is -100122 - -20?
-100102
In base 4, what is 33 + 1302022?
1302121
In base 16, what is 1f23d - -7?
1f244
In base 8, what is 27 + -26176?
-26147
In base 16, what is -3 + -422?
-425
In base 14, what is -562d - 23?
-5652
In base 3, what is -11 - 1010200111?
-1010200122
In base 3, what is 1012 - -2110210?
2111222
In base 14, what is -17 - -6231?
6218
In base 10, what is -4533261 - -4?
-4533257
In base 4, what is -3 - 2120331?
-2121000
In base 12, what is 7 - -379b8?
37a03
In base 6, what is -4250 + 33?
-4213
In base 16, what is 0 - -45b0?
45b0
In base 7, what is 60034 - 4?
60030
In base 11, what is -6 + 53645?
5363a
In base 7, what is 2 - -2243026?
2243031
In base 11, what is 12 - 8582?
-8570
In base 5, what is 103 + -14401?
-14243
In base 12, what is -2044 + -6?
-204a
In base 9, what is 102 - -333?
435
In base 4, what is 13131 - -113320?
133111
In base 5, what is 1021433 + -3?
1021430
In base 8, what is 4016 - 127?
3667
In base 9, what is -33 - -8058?
8025
In base 7, what is -21 + -56115?
-56136
In base 3, what is -1000 - -11202211?
11201211
In base 12, what is 2a4b0 - -2?
2a4b2
In base 9, what is 1227020 + 1?
1227021
In base 9, what is -55 - -8467?
8412
In base 12, what is 2 + 1633?
1635
In base 8, what is 5 + -1137700?
-1137673
In base 7, what is 3210 - 11045?
-4535
In base 7, what is 2 - -454335?
454340
In base 2, what is -1001 - -101101000000010001?
101101000000001000
In base 16, what is 6b8 + -10?
6a8
In base 11, what is 7 - -34137?
34143
In base 11, what is -186724 + -1?
-186725
In base 10, what is -22473 + 76?
-22397
In base 14, what is 4 + -2d85?
-2d81
In base 2, what is 1001110 + -111010110111100?
-111010101101110
In base 4, what is 3 + -122330?
-122321
In base 8, what is 250 - -227?
477
In base 3, what is 0 + -202201120?
-202201120
In base 10, what is -161275 + 3?
-161272
In base 13, what is b6 - -221b?
2304
In base 13, what is -425 + 243b?
2016
In base 15, what is 52 + 4e?
a1
In base 16, what is 92393 + -4?
9238f
In base 6, what is 25450135 - -5?
25450144
In base 16, what is -d01 + 1?
-d00
In base 16, what is 37d0 + 3?
37d3
In base 4, what is -101 + -20023030?
-20023131
In base 8, what is -4 + -5206?
-5212
In base 4, what is -2 + 10110333002?
10110333000
In base 12, what is 1a02 - -94?
1a96
In base 12, what is 6 + -5146?
-5140
In base 9, what is -278061 - 4?
-278065
In base 3, what is 0 + 111000220?
111000220
In base 4, what is -3310 + -311331?
-321301
In base 5, what is -1221110 - 13?
-1221123
In base 4, what is -113123121 - 3?
-113123130
In base 7, what is 13 + -12055?
-12042
In base 9, what is -5303326 + -4?
-5303331
In base 2, what is 10011010101000 - 101001?
10011001111111
In base 16, what is 0 - 1a0d6?
-1a0d6
In base 7, what is -61311 + 0?
-61311
In base 6, what is -534 + -305?
-1243
In base 14, what is 8 - -25674?
2567c
In base 6, what is -25344 + 152?
-25152
In base 15, what is 1 + 83e2?
83e3
In base 7, what is -561 + -116?
-1010
In base 6, what is -10 - 5215333?
-5215343
In base 9, what is 1 + 243840?
243841
In base 15, what is -1 - 30b0?
-30b1
In base 2, what is 11010 + 10001100110?
10010000000
In base 2, what is -101100011 - -100101000101?
11111100010
In base 10, what is 2151 + -34?
2117
In base 16, what is -4 - 2560?
-2564
In base 15, what is -5 - -7c014?
7c00e
In base 3, what is -10 - -110111201111?
110111201101
In base 12, what is -32 - 2a4?
-316
In base 2, what is 1011100110010000001010 - -100?
1011100110010000001110
In base 10, what is 143997 + -2?
143995
In base 12, what is -1 - 139ba?
-139bb
In base 5, what is 3220 - 4301?
-1031
In base 5, what is 2 - 133404?
-133402
In base 10, what is 20 - 1994?
-1974
In base 15, what is -12 - -140a?
13e8
In base 11, what is -146857 + 5?
-146852
In base 15, what is 6c2c + 49?
6c76
In base 5, what is -102 + 34032?
33430
In base 4, what is 303120 - -30?
303210
In base 13, what is 61a42 + -3?
61a3c
In base 13, what is 9a727 - 4?
9a723
In base 7, what is 254361 - -14?
254405
In base 7, what is -5 - -112166?
112161
In base 10, what is 112698 + -5?
112693
In base 16, what is -36c + 16?
-356
In base 8, what is -17451 + -1?
-17452
In base 6, what is 15 - 243241?
-243222
In base 13, what is -79 + -130?
-1a9
In base 2, what is -111 + 110000110100110?
110000110011111
In base 5, what is 303 + 41001?
41304
In base 14, what is -5a + -3aa6?
-3b22
In base 16, what is -a5 - -10e3?
103e
In base 2, what is -10000101011 + -1101011110?
-11110001001
In base 7, what is 100 - -121324?
121424
In base 7, what is -65622 + -5?
-65630
In base 15, what is -2 - 3c748?
-3c74a
In base 13, what is -6c + 7c7?
758
In base 2, what is 10001 - -1010101?
1100110
In base 12, what is -5 + -9538?
-9541
In base 8, what is 5 - -54455?
54462
In base 11, what is 71599 + 32?
71620
In base 3, what is -2002222 + -2?
-2010001
In base 10, what is 6596 + -2?
6594
In base 7, what is -3 - 30323?
-30326
In base 8, what is 407657 + 4?
407663
In base 4, what is -10232112 + -1?
-10232113
In base 16, what is 4de9 - 3?
4de6
In base 15, what is 347 - 505?
-1ad
In base 14, what is -1c476c + 1?
-1c476b
In base 12, what is 4049 - -6?
4053
In base 13, what is 1 - 11001?
-11000
In base 10, what is -107 + 888?
781
In base 12, what is 644 - 505?
13b
In base 9, what is -6 + 2062?
2055
In base 5, what is -3324424 - 33?
-3330012
In base 4, what is 112 + 30330?
31102
In base 9, what is 5224 + 17?
5242
In base 9, what is -102820 - 104?
-103024
In base 16, what is -7af - -19?
-796
In base 12, what is -22b0 - 226?
-2516
In base 13, what is -8 + -519a?
-51a5
In base 9, what is -5 - -3621?
3615
In base 3, what is 11110 + -12212010?
-12200200
In base 7, what is 4201 + -5?
4163
In base 8, what is 41 + -2764?
-2723
In base 15, what is -ea46 - 3?
-ea49
In base 2, what is -1000011100000 + 11?
-1000011011101
In base 5, what is -11024 + 32232?
21203
In base 2, what is -100 + -101110010110001100?
-101110010110010000
In base 12, what is -2 - 1273?
-1275
In base 7, what is -4 + 153111?
153104
In base 11, what is -7330 - 13?
-7343
In base 6, what is -130 - -212233?
212103
In base 3, what is 2 + -1210212000?
-1210211221
In base 10, what is 2725 + 0?
2725
In base 2, what is -110011 - -1011011110?
1010101011
In base 3, what is -11 - -1001102110?
1001102022
In base 2, what is -100100001 - -100111010?
11001
In base 13, what is 1a944 + -4?
1a940
In base 9, what is 203 - -35?
238
In base 13, what is 3 + -16634?
-16631
In base 11, what is -4373 + -9?
-4381
In base 9, what is -428431 - -4?
-428426
In base 12, what is -19956 + -1?
-19957
In base 7, what is 11 + -4156664?
-4156653
In base 16, what is 3d1 + -1ab?
226
In base 3, what is -210101212112 + 0?
-210101212112
In base 6, what is 30401 + -224?
30133
In base 15, what is -2 + 6718b?
67189
In base 16, what is -affe8 - 4?
-affec
In base 12, what is a4 - -185a?
1942
In base 12, what is 55717 + 2?
55719
In base 11, what is -3 + -1754?
-1757
In base 16, what is -86 - -141b?
1395
In base 15, what is 6 + -885e?
-8858
In base 11, what is 27 + 4445?
4471
